{"id":119,"date":"2017-04-14T17:46:35","date_gmt":"2017-04-14T16:46:35","guid":{"rendered":"http:\/\/www.lommabridgen.se\/wordpress\/?page_id=119"},"modified":"2021-12-26T14:19:17","modified_gmt":"2021-12-26T13:19:17","slug":"for-medlemmar","status":"publish","type":"page","link":"https:\/\/www.lommabridgen.se\/wordpress\/for-medlemmar\/","title":{"rendered":"F\u00f6r styrelse och funktion\u00e4rer"},"content":{"rendered":"\n<h4 class=\"wp-block-heading\">Dokumentation av olika slag<\/h4>\n\n\n\n<ul class=\"has-medium-pink-color has-light-gray-background-color has-text-color has-background wp-block-list\"><li><a href=\"\/wordpress\/wp-content\/uploads\/2021\/10\/Checklista%20vid%20uppstart_rev3.pdf\">Checklista vid uppstart<\/a><\/li><li><a href=\"\/wordpress\/wp-content\/uploads\/2021\/10\/TvaaGrupper_22Brickor.pdf\">Tv\u00e5 grupper 22 brickor<\/a><\/li><li><a href=\"\/wordpress\/wp-content\/uploads\/2021\/10\/Reviderad tvaa grupperPostCovid.pdf\">Tv\u00e5 grupper 24 brickor<\/a><\/li><li><a href=\"https:\/\/www.lommabridgen.se\/wordpress\/wp-content\/uploads\/2021\/10\/Bricklaggningsmaskin.pdf\">Brickl\u00e4ggning<\/a><\/li><li><a href=\"https:\/\/www.lommabridgen.se\/wordpress\/wp-content\/uploads\/2021\/10\/AvbrutetEtc.pdf\">Par avbryter t\u00e4vling<\/a><\/li><li><a href=\"https:\/\/www.lommabridgen.se\/wordpress\/wp-content\/uploads\/2021\/10\/LicensNrRuter.txt\">Licensnummer Ruter<\/a><\/li><li><a href=\"https:\/\/www.lommabridgen.se\/wordpress\/wp-content\/uploads\/2021\/10\/BridgeOversikt.pdf\">System\u00f6versikt<\/a><\/li><li><a href=\"https:\/\/www.lommabridgen.se\/wordpress\/wp-content\/uploads\/2021\/10\/Varnyatavlingstelefon.pdf\">T\u00e4vlingstelefonen<\/a><\/li><li><a href=\"https:\/\/www.lommabridgen.se\/wordpress\/wp-content\/uploads\/2021\/10\/Varnyadator.pdf\">T\u00e4vlingsdatorn<\/a><\/li><li><a href=\"https:\/\/www.lommabridgen.se\/wordpress\/wp-content\/uploads\/2021\/12\/VT_2022_Mand_schema.pdf\" data-type=\"URL\">Schema v\u00e5ren 2022<\/a><\/li><li><a href=\"https:\/\/www.lommabridgen.se\/wordpress\/wp-content\/uploads\/2021\/10\/FjarrstyrningOffentlig.pdf\">Fj\u00e4rrstyrning &#8211; Teamviewer<\/a><\/li><li><a href=\"https:\/\/www.lommabridgen.se\/wordpress\/wp-content\/uploads\/2021\/11\/Inmatning_via_tangentbordet.pdf\" data-type=\"URL\">Manuell inmatning av resultat<\/a><\/li><\/ul>\n\n\n\n<p><\/p>\n","protected":false},"excerpt":{"rendered":"<p>Dokumentation av olika slag Checklista vid uppstart Tv\u00e5 grupper 22 brickor Tv\u00e5 grupper 24 brickor Brickl\u00e4ggning Par avbryter t\u00e4vling Licensnummer Ruter System\u00f6versikt T\u00e4vlingstelefonen [&hellip;]<\/p>\n","protected":false},"author":1,"featured_media":0,"parent":0,"menu_order":0,"comment_status":"closed","ping_status":"closed","template":"","meta":{"footnotes":""},"class_list":["post-119","page","type-page","status-publish","hentry"],"_links":{"self":[{"href":"https:\/\/www.lommabridgen.se\/wordpress\/wp-json\/wp\/v2\/pages\/119","targetHints":{"allow":["GET"]}}],"collection":[{"href":"https:\/\/www.lommabridgen.se\/wordpress\/wp-json\/wp\/v2\/pages"}],"about":[{"href":"https:\/\/www.lommabridgen.se\/wordpress\/wp-json\/wp\/v2\/types\/page"}],"author":[{"embeddable":true,"href":"https:\/\/www.lommabridgen.se\/wordpress\/wp-json\/wp\/v2\/users\/1"}],"replies":[{"embeddable":true,"href":"https:\/\/www.lommabridgen.se\/wordpress\/wp-json\/wp\/v2\/comments?post=119"}],"version-history":[{"count":15,"href":"https:\/\/www.lommabridgen.se\/wordpress\/wp-json\/wp\/v2\/pages\/119\/revisions"}],"predecessor-version":[{"id":384,"href":"https:\/\/www.lommabridgen.se\/wordpress\/wp-json\/wp\/v2\/pages\/119\/revisions\/384"}],"wp:attachment":[{"href":"https:\/\/www.lommabridgen.se\/wordpress\/wp-json\/wp\/v2\/media?parent=119"}],"curies":[{"name":"wp","href":"https:\/\/api.w.org\/{rel}","templated":true}]}}