{"id":2,"date":"2016-11-06T21:16:03","date_gmt":"2016-11-06T21:16:03","guid":{"rendered":"http:\/\/www.lommabridgen.se\/wordpress\/?page_id=2"},"modified":"2019-07-19T21:54:57","modified_gmt":"2019-07-19T20:54:57","slug":"about","status":"publish","type":"page","link":"https:\/\/www.lommabridgen.se\/wordpress\/about\/","title":{"rendered":"Om oss"},"content":{"rendered":"<p style=\"padding-left: 80px;\"><strong>Styrelse<br \/>\n<\/strong><a href=\"http:\/\/www.svenskbridge.se\/lomma-bk\/styrelse\">Styrelsen<\/a><\/p>\n<p style=\"padding-left: 80px;\"><strong>Funktion\u00e4rer<br \/>\n<\/strong><a href=\"http:\/\/www.lommabridgen.se\/OmOss\/Funktionarer.html\">Funktion\u00e4rer<\/a><\/p>\n<p style=\"padding-left: 80px;\"><strong>Medlemmar<br \/>\n<\/strong><a href=\"http:\/\/www.svenskbridge.se\/lomma-bk\/matrikel\">Matrikel<\/a><\/p>\n<p style=\"padding-left: 80px;\">S\u00e5 <strong>b\u00f6rjade<\/strong> det<br \/>\n<a href=\"http:\/\/www.lommabridgen.se\/OmOss\/Borjan.html\">V\u00e5r historia<\/a><\/p>\n","protected":false},"excerpt":{"rendered":"<p>Styrelse Styrelsen Funktion\u00e4rer Funktion\u00e4rer Medlemmar Matrikel S\u00e5 b\u00f6rjade det V\u00e5r historia<\/p>\n","protected":false},"author":1,"featured_media":0,"parent":0,"menu_order":0,"comment_status":"open","ping_status":"open","template":"","meta":{"footnotes":""},"class_list":["post-2","page","type-page","status-publish","hentry"],"_links":{"self":[{"href":"https:\/\/www.lommabridgen.se\/wordpress\/wp-json\/wp\/v2\/pages\/2","targetHints":{"allow":["GET"]}}],"collection":[{"href":"https:\/\/www.lommabridgen.se\/wordpress\/wp-json\/wp\/v2\/pages"}],"about":[{"href":"https:\/\/www.lommabridgen.se\/wordpress\/wp-json\/wp\/v2\/types\/page"}],"author":[{"embeddable":true,"href":"https:\/\/www.lommabridgen.se\/wordpress\/wp-json\/wp\/v2\/users\/1"}],"replies":[{"embeddable":true,"href":"https:\/\/www.lommabridgen.se\/wordpress\/wp-json\/wp\/v2\/comments?post=2"}],"version-history":[{"count":4,"href":"https:\/\/www.lommabridgen.se\/wordpress\/wp-json\/wp\/v2\/pages\/2\/revisions"}],"predecessor-version":[{"id":149,"href":"https:\/\/www.lommabridgen.se\/wordpress\/wp-json\/wp\/v2\/pages\/2\/revisions\/149"}],"wp:attachment":[{"href":"https:\/\/www.lommabridgen.se\/wordpress\/wp-json\/wp\/v2\/media?parent=2"}],"curies":[{"name":"wp","href":"https:\/\/api.w.org\/{rel}","templated":true}]}}